se 3) to base 11.
1426
Convert 2104 (base 7) to base 4.
23203
Convert 2530 (base 12) to base 3.
12210000
What is -135 (base 11) in base 12?
-113
230 (base 6) to base 10
90
What is -120030 (base 6) in base 4?
-2202102
-1ebe (base 16) to base 12
-467a
Convert -124441 (base 5) to base 3.
-20212001
Convert 311050 (base 6) to base 9.
37103
162 (base 16) to base 2
101100010
What is -40533 (base 7) in base 6?
-113413
What is -f10 (base 16) in base 15?
-1221
-3133 (base 15) to base 7
-42213
What is -3667 (base 10) in base 2?
-111001010011
Convert 500 (base 7) to base 16.
f5
Convert 17c (base 14) to base 5.
2211
144 (base 6) to base 5
224
-1369 (base 10) to base 7
-3664
What is -12012121 (base 3) in base 9?
-5177
-1450 (base 13) to base 9
-4024
What is -67 (base 14) in base 3?
-10101
18794 (base 15) to base 16
135eb
Convert -1310331 (base 4) to base 3.
-101021020
What is 3977 (base 13) in base 9?
12232
What is 33023 (base 7) in base 10?
8249
Convert 38f6 (base 16) to base 3.
202000002
Convert -1236 (base 12) to base 3.
-2211020
-3002130 (base 4) to base 9
-18056
What is -54f (base 16) in base 15?
-609
116410 (base 8) to base 13
153b4
What is -452322 (base 7) in base 11?
-55192
Convert 323144 (base 5) to base 7.
44133
2121120 (base 5) to base 16
8bc9
Convert -1010101110111 (base 2) to base 4.
-1111313
Convert 1120001221 (base 3) to base 2.
111011111001110
Convert 35467 (base 8) to base 16.
3b37
Convert 3312 (base 10) to base 9.
4480
Convert -31423 (base 5) to base 15.
-95d
Convert -b (base 16) to base 7.
-14
Convert 265416 (base 7) to base 10.
49944
-398 (base 13) to base 8
-1170
-231aa (base 14) to base 4
-110312202
What is 65aa (base 11) in base 16?
2207
-785 (base 16) to base 8
-3605
-394 (base 13) to base 12
-444
Convert 125361 (base 7) to base 4.
11233122
Convert -5685 (base 12) to base 16.
-2585
What is -1003534 (base 6) in base 8?
-134622
What is -a661 (base 14) in base 2?
-111000000011101
-54485 (base 10) to base 4
-31103111
What is 56430 (base 7) in base 9?
21526
-2201301 (base 4) to base 8
-24161
33643 (base 7) to base 11
647a
What is -21703 (base 8) in base 5?
-243110
What is 1110121 (base 3) in base 12?
751
What is 4431 (base 6) in base 2?
10000000011
-660 (base 15) to base 11
-109a
What is -11111110010 (base 2) in base 8?
-3762
Convert 1322 (base 6) to base 8.
522
31200 (base 4) to base 15
3c9
Convert -1302312 (base 4) to base 8.
-16266
What is -50 (base 13) in base 16?
-41
-1670 (base 8) to base 13
-583
What is -3231 (base 4) in base 5?
-1422
5 (base 12) to base 14
5
What is -4bb (base 14) in base 13?
-580
-1e12 (base 16) to base 15
-2433
101220101 (base 3) to base 15
254d
7ab (base 16) to base 10
1963
10302323 (base 4) to base 6
230535
What is -272 (base 12) in base 15?
-19e
Convert 553 (base 9) to base 10.
453
Convert 437 (base 10) to base 13.
278
-3cdc (base 14) to base 15
-32d8
What is 525 (base 7) in base 10?
264
113331 (base 4) to base 2
10111111101
Convert 1720 (base 14) to base 15.
1364
10071 (base 8) to base 7
15052
What is -5022 (base 7) in base 13?
-a32
Convert -1313 (base 10) to base 12.
-915
11455 (base 6) to base 8
3233
246240 (base 7) to base 15
d6bc
-5a5 (base 14) to base 3
-1112200
1b2 (base 14) to base 8
540
Convert -1342 (base 7) to base 3.
-201021
172631 (base 8) to base 14
18cad
Convert 4784 (base 10) to base 13.
2240
Convert -210 (base 7) to base 10.
-105
What is -2dc7 (base 15) in base 9?
-14467
What is -1741 (base 9) in base 3?
-1211101
Convert -1001100010000100 (base 2) to base 10.
-39044
c7a (base 13) to base 2
100001010001
What is -322 (base 5) in base 2?
-1010111
-265 (base 8) to base 10
-181
Convert 2764 (base 8) to base 2.
10111110100
Convert -2a834 (base 11) to base 10.
-43597
Convert 44021 (base 5) to base 9.
4115
Convert 9a7 (base 15) to base 4.
202012
-1750 (base 10) to base 5
-24000
What is ccb (base 13) in base 3?
10000022
What is -2102120222 (base 3) in base 10?
-47816
Convert 38014 (base 9) to base 8.
61670
-4271 (base 12) to base 15
-225a
Convert -139 (base 16) to base 8.
-471
What is 314 (base 7) in base 2?
10011110
What is 329 (base 16) in base 12?
575
-4434 (base 6) to base 12
-71a
Convert -30907 (base 11) to base 14.
-12599
Convert 1201 (base 7) to base 14.
238
What is 16486 (base 9) in base 2?
10110001001001
Convert -3c6 (base 13) to base 2.
-1010011101
What is 1c35 (base 13) in base 7?
15306
Convert -1214 (base 7) to base 16.
-1c4
-1451 (base 12) to base 2
-100100111101
5674 (base 8) to base 3
11010021
What is 1118b (base 14) in base 11?
29189
Convert -2453 (base 8) to base 13.
-7aa
Convert 26206 (base 8) to base 5.
331043
Convert 11160 (base 7) to base 9.
3800
3111 (base 6) to base 10
691
-1003203 (base 4) to base 12
-2603
What is -4056 (base 16) in base 8?
-40126
10011001001110 (base 2) to base 11
7405
Convert 1367 (base 9) to base 16.
409
What is 530 (base 11) in base 8?
1176
-2120012 (base 3) to base 12
-10b8
-111011011101 (base 2) to base 9
-5187
-102000313 (base 4) to base 10
-73783
What is -48c (base 16) in base 2?
-10010001100
Convert 1001010110101110 (base 2) to base 5.
2211233
Convert 3054 (base 14) to base 16.
2072
Convert -4684 (base 9) to base 11.
-2682
Convert -40684 (base 9) to base 2.
-110100010110110
3361 (base 8) to base 11
1376
Convert -81c1 (base 13) to base 10.
-17902
What is 3316 (base 7) in base 2?
10010100101
-e8 (base 15) to base 8
-332
-dab (base 14) to base 5
-41244
13378 (base 12) to base 5
1321234
What is 5c53 (base 13) in base 2?
11001100011001
-2511 (base 7) to base 9
-1253
42551 (base 6) to base 12
3457
-10021 (base 4) to base 13
-175
553c (base 16) to base 5
1144240
What is -15403 (base 8) in base 13?
-31bc
What is -3153 (base 6) in base 3?
-222120
Convert -152562 (base 7) to base 14.
-abd9
Convert -10000110011100110 (base 2) to base 15.
-155e3
Convert 110101000011 (base 2) to base 16.
d43
299 (base 11) to base 8
536
What is -64145 (base 9) in base 10?
-42404
Convert -111110000 (base 2) to base 7.
-1306
1666 (base 10) to base 8
3202
Convert 2000002210 (base 3) to base 12.
1a9a9
Convert 20111101 (base 4) to base 6.
422001
What is -11100001010 (base 2) in base 4?
-130022
What is -5342 (base 6) in base 11?
-a04
Convert -1c9 (base 16) to base 7.
-1222
What is 6c8 (base 15) in base 2?
11000000010
What is 2522 (base 6) in base 5?
10001
-12731 (base 12) to base 14
-92a9
Convert -202100 (base 3) to base 16.
-225
5c96 (base 16) to base 3
1012111212
-416 (base 12) to base 3
-211000
What is 407 (base 14) in base 4?
30113
24344 (base 5) to base 4
130321
Convert 496 (base 15) to base 6.
4453
1318 (base 16) to base 12
29b4
-305 (base 15) to base 14
-368
-1000000101 (base 2) to base 4
-20011
Convert -110 (base 13) to base 2.
-10110110
90 (base 13) to base 5
432
-111101000 (base 2) to base 4
-13220
Convert 14153 (base 6) to base 5.
32404
What is -9b07 (base 12) in base 10?
-17143
-5a (base 15) to base 10
-85
Convert -15a (base 11) to base 15.
-c6
-29a4 (base 13) to base 5
-143144
Convert -5352 (base 7) to base 12.
-1123
What is -65512 (base 7) in base 3?
-211110111
What is 21101 (base 4) in base 13?
368
Convert -242005 (base 6) to base 4.
-11022311
What is 708 (base 15) in base 11?
120a
Convert 11167 (base 10) to base 14.
40d9
Convert 40416 (base 7) to base 15.
2d93
Convert 32820 (base 9) to base 14.
7d39
310 (base 14) to base 9
738
74505 (base 9) to base 10
49253
Convert 20323 (base 4) to base 7.
1444
Convert 12d3 (base 15) to base 8.
7667
Convert 1aa65 (base 13) to base 15.
1076e
What is -32104 (base 5) in base 16?
-86a
-78a1 (base 15) to base 4
-12033220
Convert 40414 (base 5) to base 4.
220301
What is 1111 (base 4) in base 8?
125
-381 (base 15) to base 2
-1100011100
What is 242 (base 9) in base 4?
3020
What is -101122 (base 3) in base 7?
-560
What is -2103 (base 5) in base 4?
-10112
Convert 410525 (base 6) to base 4.
13331111
Convert -255102 (base 7) to base 3.
-2102000000
Convert -11082 (base 12) to base 3.
-1010221122
What is 1228 (base 15) in base 12?
229b
Convert 43102 (base 5) to base 13.
1423
-5315 (base 9) to base 11
-2a28
-6135 (base 10) to base 4
-1133313
Convert 10753 (base 10) to base 6.
121441
-10101100001110 (base 2) to base 4
-2230032
Convert -2da (base 15) to base 6.
-3011
What is -213 (base 8) in base 11?
-117
1021110 (base 3) to base 13
567
-285 (base 1